tors of 40969452?
2, 3, 3414121
List the prime factors of 485178933.
3, 43, 61, 61657
List the prime factors of 82550474.
2, 2999, 13763
What are the prime factors of 421909341?
3, 7, 139, 144539
List the prime factors of 670665321.
3, 74518369
List the prime factors of 375947686.
2, 127, 349, 4241
List the prime factors of 2482731360.
2, 3, 5, 251, 6869
What are the prime factors of 502089216?
2, 3, 326881
What are the prime factors of 1132039682?
2, 566019841
What are the prime factors of 42925390?
2, 5, 31, 138469
List the prime factors of 148217229.
3, 73, 139, 541
What are the prime factors of 4680875074?
2, 19, 1049, 117427
What are the prime factors of 47890970?
2, 5, 31, 154487
List the prime factors of 223587958.
2, 11, 269, 37781
List the prime factors of 2036003245.
5, 3967, 102647
What are the prime factors of 50331438?
2, 3, 719, 3889
List the prime factors of 3831062946.
2, 3, 638510491
List the prime factors of 148018139.
148018139
What are the prime factors of 36855760?
2, 5, 460697
List the prime factors of 39043313.
39043313
List the prime factors of 282150164.
2, 29, 53, 45893
List the prime factors of 31920741.
3, 19, 186671
What are the prime factors of 4287448810?
2, 5, 428744881
List the prime factors of 3820131061.
3061, 1248001
List the prime factors of 52503933.
3, 17501311
What are the prime factors of 440344020?
2, 3, 5, 653, 11239
What are the prime factors of 847874396?
2, 101, 2098699
List the prime factors of 9954579427.
13, 19, 383, 105227
List the prime factors of 151141353.
3, 11, 4580041
List the prime factors of 3617809915.
5, 723561983
What are the prime factors of 840784815?
3, 5, 13, 1437239
List the prime factors of 24957542.
2, 31, 402541
List the prime factors of 1770091766.
2, 37, 109, 219451
What are the prime factors of 94507945?
5, 7, 2700227
List the prime factors of 368386006.
2, 79, 2331557
What are the prime factors of 543980849?
19, 101, 257, 1103
What are the prime factors of 340639759?
709, 480451
What are the prime factors of 2165289584?
2, 135330599
List the prime factors of 50331138.
2, 3, 11, 13, 58661
What are the prime factors of 1161653165?
5, 7741, 30013
List the prime factors of 33817741.
29, 37, 31517
List the prime factors of 146470226.
2, 7, 31, 337489
What are the prime factors of 33617581?
41, 79, 97, 107
List the prime factors of 19908208.
2, 1244263
What are the prime factors of 66606251?
151, 441101
What are the prime factors of 1719090347?
13, 132237719
List the prime factors of 4920557227.
53507, 91961
What are the prime factors of 84765267?
3, 71, 109, 1217
List the prime factors of 53478926.
2, 26739463
List the prime factors of 957149787.
3, 11, 233, 281, 443
List the prime factors of 3906886354.
2, 7, 7457, 37423
List the prime factors of 773634940.
2, 5, 13, 61, 48779
What are the prime factors of 860538754?
2, 67, 6421931
List the prime factors of 1936264910.
2, 5, 193626491
List the prime factors of 190864722.
2, 3, 37, 859751
What are the prime factors of 6755726593?
7, 11, 947, 92647
What are the prime factors of 29785971?
3, 43, 73, 3163
List the prime factors of 122518357.
13, 181, 52069
What are the prime factors of 3175250887?
8951, 354737
What are the prime factors of 386604343?
19, 20347597
List the prime factors of 84083605.
5, 16816721
What are the prime factors of 196112397?
3, 13, 5028523
What are the prime factors of 211211178?
2, 3, 1933, 18211
List the prime factors of 365350455.
3, 5, 1381, 5879
What are the prime factors of 898081992?
2, 3, 1385929
List the prime factors of 268856992.
2, 19, 229, 1931
What are the prime factors of 73854568?
2, 9231821
What are the prime factors of 2172567452?
2, 11, 49376533
List the prime factors of 470956774.
2, 31, 71, 83, 1289
List the prime factors of 1000395523.
1657, 603739
List the prime factors of 1020130191.
3, 593, 191143
What are the prime factors of 561482243?
7, 19, 4221671
What are the prime factors of 155149309?
7, 73, 303619
What are the prime factors of 37541409?
3, 263, 47581
List the prime factors of 7391928090.
2, 3, 5, 79, 1667, 1871
List the prime factors of 471945727.
11, 139, 308663
List the prime factors of 186395334.
2, 3, 31065889
List the prime factors of 410509941.
3, 157, 871571
List the prime factors of 1096535314.
2, 7, 2833, 27647
What are the prime factors of 104751009?
3, 11, 19, 977
List the prime factors of 2543047322.
2, 541, 2350321
What are the prime factors of 940250673?
3, 29, 400277
What are the prime factors of 24104159?
24104159
What are the prime factors of 129693900?
2, 3, 5, 7, 151, 409
List the prime factors of 13221545.
5, 419, 6311
List the prime factors of 84644926.
2, 42322463
What are the prime factors of 58595765?
5, 41, 193, 1481
What are the prime factors of 68447038?
2, 11, 113, 2503
What are the prime factors of 258343003?
179, 1443257
What are the prime factors of 46718780?
2, 5, 443, 5273
What are the prime factors of 218747165?
5, 7, 13, 47, 53, 193
What are the prime factors of 123256200?
2, 3, 5, 205427
List the prime factors of 596467506.
2, 3, 47, 2115133
What are the prime factors of 3686873390?
2, 5, 157, 263, 8929
List the prime factors of 225344611.
31, 7269181
What are the prime factors of 355735072?
2, 7, 11, 59, 2447
List the prime factors of 493649949.
3, 13, 12657691
List the prime factors of 33276628.
2, 7, 11, 108041
What are the prime factors of 132228597?
3, 3677, 11987
What are the prime factors of 6605293358?
2, 349, 9463171
What are the prime factors of 281900872?
2, 11, 19, 168601
What are the prime factors of 406130445?
3, 5, 7, 1289303
List the prime factors of 2622291692.
2, 73, 8980451
List the prime factors of 74274688.
2, 37, 15683
List the prime factors of 422123559.
3, 11, 13, 31, 31741
What are the prime factors of 89672993?
173, 518341
What are the prime factors of 202419934?
2, 101209967
What are the prime factors of 40119314?
2, 23, 872159
List the prime factors of 60755715.
3, 5, 1350127
What are the prime factors of 1798471769?
17, 109, 970573
List the prime factors of 99362152.
2, 12420269
List the prime factors of 46514645.
5, 1879, 4951
What are the prime factors of 123373900?
2, 5, 13, 94903
What are the prime factors of 590356477?
839, 703643
List the prime factors of 3224368324.
2, 19, 4201, 10099
List the prime factors of 45821195.
5, 7, 1309177
What are the prime factors of 38634400?
2, 5, 7, 6899
What are the prime factors of 1591931376?
2, 3, 7, 1579297
What are the prime factors of 99584716?
2, 7, 11, 367, 881
List the prime factors of 375377007.
3, 263, 475763
What are the prime factors of 2574091508?
2, 281, 2290117
List the prime factors of 116648503.
701, 166403
What are the prime factors of 1038883665?
3, 5, 23, 3011257
List the prime factors of 6664041.
3, 19, 38971
What are the prime factors of 1049525910?
2, 3, 5, 1295711
List the prime factors of 394053215.
5, 78810643
What are the prime factors of 3107895935?
5, 621579187
What are the prime factors of 312941040?
2, 3, 5, 47, 27743
List the prime factors of 1385106430.
2, 5, 138510643
List the prime factors of 7107342499.
65729, 108131
List the prime factors of 80555619.
3, 26851873
List the prime factors of 2595130218.
2, 3, 31, 1550257
List the prime factors of 148586131.
31, 59, 81239
What are the prime factors of 221119632?
2, 3, 61, 2797
List the prime factors of 46520819.
46520819
List the prime factors of 337703984.
2, 107, 197257
What are the prime factors of 4432842?
2, 3, 383, 643
What are the prime factors of 772955927?
6089, 126943
What are the prime factors of 89068052?
2, 23, 59, 61, 269
What are the prime factors of 110086522?
2, 7, 13, 107, 5653
List the prime factors of 20749797.
3, 409, 1879
List the prime factors of 1474622408.
2, 7, 26332543
List the prime factors of 79294076.
2, 47, 197, 2141
List the prime factors of 17781955.
5, 3556391
List the prime factors of 1259926355.
5, 17, 14822663
What are the prime factors of 20276487?
3, 7, 11, 3251
List the prime factors of 852941482.
2, 426470741
List the prime factors of 1759880295.
3, 5, 5003, 7817
What are the prime factors of 304764940?
2, 5, 19, 331, 2423
What are the prime factors of 133769888?
2, 7, 347, 1721
List the prime factors of 119904940.
2, 5, 179, 33493
What a